est common divisor of 5976 and 6277788.
2988
Calculate the greatest common divisor of 128570 and 8342.
86
What is the highest common divisor of 144800 and 3370600?
200
What is the highest common divisor of 31274314 and 24848?
3106
Calculate the highest common factor of 47271 and 201103.
7
What is the highest common divisor of 4966 and 196075061?
2483
What is the greatest common factor of 1015 and 996135?
35
What is the greatest common divisor of 706398 and 704?
22
What is the highest common divisor of 4445 and 2854579?
889
What is the greatest common factor of 171 and 251921?
19
What is the highest common divisor of 13 and 270387091?
13
Calculate the highest common divisor of 326166531 and 1002.
501
Calculate the highest common factor of 355791787 and 55835.
11167
Calculate the greatest common divisor of 40 and 2709248.
8
What is the greatest common divisor of 32 and 122017496?
8
Calculate the highest common divisor of 41501 and 2585.
47
What is the greatest common factor of 295490 and 27222?
26
Calculate the greatest common factor of 340 and 1938380.
20
Calculate the highest common factor of 387227 and 241.
1
What is the highest common divisor of 416 and 125531744?
416
What is the greatest common factor of 23151367 and 1102?
551
What is the highest common divisor of 64580 and 365220?
20
What is the greatest common divisor of 12512 and 125771406?
782
What is the highest common divisor of 182 and 68726?
14
What is the highest common divisor of 54 and 8202510?
18
What is the highest common divisor of 5779152 and 104319?
603
Calculate the highest common divisor of 2243313 and 27.
9
What is the greatest common divisor of 270 and 22743315?
135
Calculate the greatest common factor of 16050 and 57484038.
642
Calculate the highest common factor of 10 and 37535.
5
What is the highest common divisor of 272 and 129982752?
16
What is the highest common divisor of 144 and 1979689320?
72
Calculate the greatest common factor of 294743 and 1252352.
1223
What is the greatest common factor of 27492207 and 15?
3
What is the highest common factor of 630 and 1355625?
45
What is the greatest common factor of 61176 and 1304?
8
Calculate the greatest common factor of 66572339 and 67.
67
Calculate the highest common factor of 2280 and 73543110.
570
Calculate the highest common factor of 5408014 and 1565.
313
What is the greatest common divisor of 2049462 and 37098?
162
Calculate the greatest common factor of 1050 and 105940100.
350
Calculate the greatest common divisor of 33990 and 626406.
66
Calculate the highest common divisor of 3198 and 2818502934.
3198
What is the greatest common divisor of 50606745 and 2443?
2443
What is the greatest common factor of 238 and 3681146?
238
What is the highest common factor of 5978 and 50433397?
2989
What is the greatest common factor of 2830 and 620452030?
2830
What is the highest common factor of 10276 and 356300?
28
What is the highest common factor of 2290750 and 524875?
2125
What is the highest common divisor of 3787840 and 14336?
448
Calculate the highest common factor of 815827 and 3131.
31
Calculate the greatest common factor of 4942 and 1514.
2
What is the greatest common factor of 20844321 and 4398?
2199
Calculate the highest common factor of 84575 and 30447.
3383
What is the greatest common factor of 1053 and 10538073?
351
Calculate the highest common factor of 5090585 and 567139.
6833
What is the highest common factor of 250050 and 240000?
150
What is the highest common factor of 1548 and 37955928?
516
Calculate the greatest common factor of 97817 and 13369.
29
What is the highest common factor of 29880 and 266616?
72
Calculate the highest common factor of 2418 and 1000618.
62
Calculate the highest common factor of 7643016 and 10545.
2109
What is the greatest common factor of 7425 and 1414314?
297
Calculate the highest common divisor of 17472 and 32635512.
2184
What is the greatest common divisor of 1390423 and 11359?
37
What is the highest common factor of 308257791 and 609?
87
What is the greatest common factor of 1976 and 738416?
152
Calculate the greatest common divisor of 86892 and 36744.
12
Calculate the greatest common factor of 130498726 and 114.
38
What is the highest common divisor of 3543131 and 6?
1
Calculate the highest common divisor of 256459399 and 714.
119
What is the highest common divisor of 2403458250 and 750?
750
What is the highest common divisor of 690 and 218050800?
30
Calculate the greatest common factor of 180 and 178215195.
15
What is the greatest common divisor of 217 and 96823447?
217
Calculate the greatest common factor of 363066097 and 142.
71
Calculate the highest common divisor of 133136507 and 35.
7
Calculate the greatest common factor of 13775221 and 23134.
269
What is the highest common divisor of 557 and 430700807?
557
Calculate the highest common divisor of 40 and 34449592.
8
Calculate the greatest common factor of 65981092 and 172.
172
What is the highest common divisor of 1249826 and 7471?
241
Calculate the greatest common divisor of 90496 and 301.
7
Calculate the highest common divisor of 24 and 198839016.
24
Calculate the greatest common divisor of 1155347 and 689.
53
Calculate the highest common factor of 7904 and 2536.
8
What is the greatest common divisor of 11587820 and 25?
5
Calculate the highest common divisor of 282210 and 2892480.
690
What is the greatest common divisor of 15230818 and 40793?
2147
Calculate the greatest common factor of 16898 and 5614658.
238
What is the greatest common divisor of 141 and 5257514?
47
Calculate the highest common factor of 553 and 157348487.
79
What is the highest common factor of 9766832 and 4880?
976
Calculate the greatest common divisor of 9711 and 269919.
117
What is the greatest common factor of 527844 and 300?
12
What is the greatest common factor of 23493 and 227796?
123
What is the highest common divisor of 868983 and 9?
3
What is the greatest common factor of 231 and 50665566?
21
What is the greatest common divisor of 217005623 and 3506?
1753
What is the greatest common factor of 805099808 and 17344?
8672
What is the greatest common factor of 3801 and 13419?
21
What is the highest common factor of 10304 and 13753724?
92
What is the highest common divisor of 36372 and 24388?
28
What is the highest common divisor of 125188 and 79492?
476
What is the greatest common divisor of 584234 and 35728?
406
Calculate the greatest common factor of 14952 and 609828.
1068
What is the highest common factor of 35234656 and 1184?
1184
What is the highest common factor of 82096425 and 1125?
225
What is the greatest common divisor of 224 and 346843?
7
Calculate the greatest common divisor of 5156820 and 444.
12
What is the greatest common divisor of 6638940 and 6440?
140
Calculate the greatest common factor of 93534981 and 1353.
123
Calculate the highest common factor of 174760 and 184783.
257
What is the highest common divisor of 2291244 and 5658?
246
What is the greatest common factor of 87655 and 1211131?
373
Calculate the greatest common divisor of 26730 and 2331153.
297
Calculate the highest common factor of 3642993 and 1863.
207
Calculate the highest common divisor of 1449 and 10632279.
483
Calculate the highest common divisor of 1301650302 and 12.
6
What is the highest common factor of 54575 and 7363?
37
What is the highest common divisor of 832605 and 22137?
141
Calculate the highest common factor of 6184 and 272832669.
773
Calculate the highest common factor of 662285574 and 11052.
5526
Calculate the highest common divisor of 80678 and 75157763.
3103
Calculate the greatest common divisor of 3361554 and 7182.
378
Calculate the greatest common factor of 51944212 and 26404.
3772
Calculate the greatest common divisor of 273532175 and 50.
25
What is the highest common divisor of 146839 and 308?
77
Calculate the greatest common divisor of 122109343 and 783.
29
What is the greatest common factor of 15433 and 23261557?
671
What is the highest common factor of 1772 and 15387162?
886
Calculate the greatest common divisor of 137752 and 1819184.
536
Calculate the greatest common factor of 15776 and 220592.
272
Calculate the greatest common factor of 23 and 1562604383.
23
What is the greatest common divisor of 990321 and 4321?
29
What is the greate